{"id":480,"date":"2025-12-13T15:06:35","date_gmt":"2025-12-13T18:06:35","guid":{"rendered":"http:\/\/fsaq.edu.br\/?page_id=480"},"modified":"2025-12-30T13:50:32","modified_gmt":"2025-12-30T16:50:32","slug":"administracao","status":"publish","type":"page","link":"https:\/\/fsaq.edu.br\/?page_id=480","title":{"rendered":"ADMINISTRA\u00c7\u00c3O"},"content":{"rendered":"\t\t<div data-elementor-type=\"wp-page\" data-elementor-id=\"480\" class=\"elementor elementor-480\" data-elementor-settings=\"{&quot;ha_cmc_init_switcher&quot;:&quot;no&quot;}\" data-elementor-post-type=\"page\">\n\t\t\t\t<div data-particle_enable=\"false\" data-particle-mobile-disabled=\"false\" class=\"elementor-element elementor-element-eac43a0 e-con-full e-flex e-con e-parent\" data-id=\"eac43a0\" data-element_type=\"container\" data-e-type=\"container\" data-settings=\"{&quot;_ha_eqh_enable&quot;:false}\">\n\t\t<div data-particle_enable=\"false\" data-particle-mobile-disabled=\"false\" class=\"elementor-element elementor-element-2357e17 e-con-full e-flex e-con e-child\" data-id=\"2357e17\" data-element_type=\"container\" data-e-type=\"container\" data-settings=\"{&quot;_ha_eqh_enable&quot;:false}\">\n\t\t\t\t<div class=\"elementor-element elementor-element-6e17f40 elementor-widget elementor-widget-heading\" data-id=\"6e17f40\" data-element_type=\"widget\" data-e-type=\"widget\" data-widget_type=\"heading.default\">\n\t\t\t\t<div class=\"elementor-widget-container\">\n\t\t\t\t\t<h2 class=\"elementor-heading-title elementor-size-default\">ADMINISTRA\u00c7\u00c3O - BACHARELADO<\/h2>\t\t\t\t<\/div>\n\t\t\t\t<\/div>\n\t\t\t\t<div class=\"elementor-element elementor-element-f390a9c elementor-widget elementor-widget-text-editor\" data-id=\"f390a9c\" data-element_type=\"widget\" data-e-type=\"widget\" data-widget_type=\"text-editor.default\">\n\t\t\t\t<div class=\"elementor-widget-container\">\n\t\t\t\t\t\t\t\t\t<p class=\"Textstyle__TextComponent-sc-h4og4r-0 fxsA-Db text-duration\">8 semestres\u00a0&#8211;\u00a04\u00a0anos<\/p><div class=\"styles__Stamps-sc-2li7ne-12 irbHhw\">\u00a0<\/div>\t\t\t\t\t\t\t\t<\/div>\n\t\t\t\t<\/div>\n\t\t\t\t<\/div>\n\t\t<div data-particle_enable=\"false\" data-particle-mobile-disabled=\"false\" class=\"elementor-element elementor-element-2d1d7a9 e-con-full e-flex e-con e-child\" data-id=\"2d1d7a9\" data-element_type=\"container\" data-e-type=\"container\" data-settings=\"{&quot;_ha_eqh_enable&quot;:false}\">\n\t\t\t\t<div class=\"elementor-element elementor-element-dff0e49 elementor-widget elementor-widget-image\" data-id=\"dff0e49\" data-element_type=\"widget\" data-e-type=\"widget\" data-widget_type=\"image.default\">\n\t\t\t\t<div class=\"elementor-widget-container\">\n\t\t\t\t\t\t\t\t\t\t\t\t\t\t\t<img fetchpriority=\"high\" decoding=\"async\" width=\"800\" height=\"480\" src=\"https:\/\/fsaq.edu.br\/wp-content\/uploads\/2025\/12\/Design-sem-nome-3-1024x614.png\" class=\"elementor-animation-shrink attachment-large size-large wp-image-524\" alt=\"\" srcset=\"https:\/\/fsaq.edu.br\/wp-content\/uploads\/2025\/12\/Design-sem-nome-3-1024x614.png 1024w, https:\/\/fsaq.edu.br\/wp-content\/uploads\/2025\/12\/Design-sem-nome-3-300x180.png 300w, https:\/\/fsaq.edu.br\/wp-content\/uploads\/2025\/12\/Design-sem-nome-3-768x461.png 768w, https:\/\/fsaq.edu.br\/wp-content\/uploads\/2025\/12\/Design-sem-nome-3.png 1200w\" sizes=\"(max-width: 800px) 100vw, 800px\" \/>\t\t\t\t\t\t\t\t\t\t\t\t\t\t\t<\/div>\n\t\t\t\t<\/div>\n\t\t\t\t<\/div>\n\t\t\t\t<\/div>\n\t\t<div data-particle_enable=\"false\" data-particle-mobile-disabled=\"false\" class=\"elementor-element elementor-element-93bdb0f e-con-full e-flex e-con e-parent\" data-id=\"93bdb0f\" data-element_type=\"container\" data-e-type=\"container\" data-settings=\"{&quot;_ha_eqh_enable&quot;:false}\">\n\t\t\t\t<div class=\"elementor-element elementor-element-2042d13 elementor-widget elementor-widget-spacer\" data-id=\"2042d13\" data-element_type=\"widget\" data-e-type=\"widget\" data-widget_type=\"spacer.default\">\n\t\t\t\t<div class=\"elementor-widget-container\">\n\t\t\t\t\t\t\t<div class=\"elementor-spacer\">\n\t\t\t<div class=\"elementor-spacer-inner\"><\/div>\n\t\t<\/div>\n\t\t\t\t\t\t<\/div>\n\t\t\t\t<\/div>\n\t\t\t\t<\/div>\n\t\t<div data-particle_enable=\"false\" data-particle-mobile-disabled=\"false\" class=\"elementor-element elementor-element-1c78224 e-flex e-con-boxed e-con e-parent\" data-id=\"1c78224\" data-element_type=\"container\" data-e-type=\"container\" data-settings=\"{&quot;background_background&quot;:&quot;classic&quot;,&quot;_ha_eqh_enable&quot;:false}\">\n\t\t\t\t\t<div class=\"e-con-inner\">\n\t\t\t\t<div class=\"elementor-element elementor-element-1418296 elementor-widget elementor-widget-heading\" data-id=\"1418296\" data-element_type=\"widget\" data-e-type=\"widget\" data-widget_type=\"heading.default\">\n\t\t\t\t<div class=\"elementor-widget-container\">\n\t\t\t\t\t<h2 class=\"elementor-heading-title elementor-size-default\">SOBRE O CURSO<\/h2>\t\t\t\t<\/div>\n\t\t\t\t<\/div>\n\t\t\t\t<div class=\"elementor-element elementor-element-655bf4f elementor-widget elementor-widget-text-editor\" data-id=\"655bf4f\" data-element_type=\"widget\" data-e-type=\"widget\" data-widget_type=\"text-editor.default\">\n\t\t\t\t<div class=\"elementor-widget-container\">\n\t\t\t\t\t\t\t\t\t<p data-start=\"1647\" data-end=\"1840\">O <strong data-start=\"1649\" data-end=\"1681\">Bacharelado em Administra\u00e7\u00e3o<\/strong> da <strong data-start=\"1685\" data-end=\"1693\">FSAQ<\/strong> prepara profissionais para atuar de forma estrat\u00e9gica, \u00e9tica e inovadora na gest\u00e3o de organiza\u00e7\u00f5es p\u00fablicas, privadas ou empreendimentos pr\u00f3prios.<\/p><p data-start=\"1842\" data-end=\"2067\">Durante a gradua\u00e7\u00e3o, o estudante desenvolve compet\u00eancias relacionadas ao planejamento, organiza\u00e7\u00e3o, lideran\u00e7a e controle de recursos, compreendendo os principais processos administrativos, financeiros, operacionais e humanos.<\/p><p data-start=\"2069\" data-end=\"2266\">A forma\u00e7\u00e3o integra fundamentos te\u00f3ricos \u00e0 pr\u00e1tica profissional, estimulando a an\u00e1lise de cen\u00e1rios, a tomada de decis\u00f5es e a busca por solu\u00e7\u00f5es eficientes frente aos desafios do mercado de trabalho.<\/p><p data-start=\"2268\" data-end=\"2427\">O curso acompanha as transforma\u00e7\u00f5es da \u00e1rea da gest\u00e3o, incentivando o desenvolvimento de habilidades empreendedoras, vis\u00e3o sist\u00eamica e responsabilidade social.<\/p><p data-start=\"2429\" data-end=\"2595\">Graduar-se em Administra\u00e7\u00e3o pela FSAQ \u00e9 construir uma base s\u00f3lida para o crescimento profissional e para a atua\u00e7\u00e3o consciente em diferentes contextos organizacionais.<\/p>\t\t\t\t\t\t\t\t<\/div>\n\t\t\t\t<\/div>\n\t\t\t\t\t<\/div>\n\t\t\t\t<\/div>\n\t\t<div data-particle_enable=\"false\" data-particle-mobile-disabled=\"false\" class=\"elementor-element elementor-element-5e8d9f9 e-flex e-con-boxed e-con e-parent\" data-id=\"5e8d9f9\" data-element_type=\"container\" data-e-type=\"container\" data-settings=\"{&quot;background_background&quot;:&quot;gradient&quot;,&quot;_ha_eqh_enable&quot;:false}\">\n\t\t\t\t\t<div class=\"e-con-inner\">\n\t\t\t\t<div class=\"elementor-element elementor-element-82e5e5b elementor-widget__width-initial elementor-widget-tablet__width-initial elementor-widget elementor-widget-image\" data-id=\"82e5e5b\" data-element_type=\"widget\" data-e-type=\"widget\" data-widget_type=\"image.default\">\n\t\t\t\t<div class=\"elementor-widget-container\">\n\t\t\t\t\t\t\t\t\t\t\t\t\t\t\t<img decoding=\"async\" width=\"800\" height=\"480\" src=\"https:\/\/fsaq.edu.br\/wp-content\/uploads\/2025\/12\/Administracao-Inscricao-1024x614.png\" class=\"elementor-animation-pulse-grow attachment-large size-large wp-image-541\" alt=\"\" srcset=\"https:\/\/fsaq.edu.br\/wp-content\/uploads\/2025\/12\/Administracao-Inscricao-1024x614.png 1024w, https:\/\/fsaq.edu.br\/wp-content\/uploads\/2025\/12\/Administracao-Inscricao-300x180.png 300w, https:\/\/fsaq.edu.br\/wp-content\/uploads\/2025\/12\/Administracao-Inscricao-768x461.png 768w, https:\/\/fsaq.edu.br\/wp-content\/uploads\/2025\/12\/Administracao-Inscricao.png 1200w\" sizes=\"(max-width: 800px) 100vw, 800px\" \/>\t\t\t\t\t\t\t\t\t\t\t\t\t\t\t<\/div>\n\t\t\t\t<\/div>\n\t\t\t\t<div class=\"elementor-element elementor-element-cd28973 elementor-widget__width-initial elementor-widget-tablet__width-initial elementor-widget elementor-widget-heading\" data-id=\"cd28973\" data-element_type=\"widget\" data-e-type=\"widget\" data-widget_type=\"heading.default\">\n\t\t\t\t<div class=\"elementor-widget-container\">\n\t\t\t\t\t<h2 class=\"elementor-heading-title elementor-size-default\">Seja um profissional em ADMINISTRA\u00c7\u00c3O<\/h2>\t\t\t\t<\/div>\n\t\t\t\t<\/div>\n\t\t\t\t<div class=\"elementor-element elementor-element-5cbc960 elementor-align-center elementor-widget__width-inherit elementor-widget elementor-widget-button\" data-id=\"5cbc960\" data-element_type=\"widget\" data-e-type=\"widget\" data-widget_type=\"button.default\">\n\t\t\t\t<div class=\"elementor-widget-container\">\n\t\t\t\t\t\t\t\t\t<div class=\"elementor-button-wrapper\">\n\t\t\t\t\t<a class=\"elementor-button elementor-button-link elementor-size-sm\" href=\"#\">\n\t\t\t\t\t\t<span class=\"elementor-button-content-wrapper\">\n\t\t\t\t\t\t\t\t\t<span class=\"elementor-button-text\">Inscreva-se<\/span>\n\t\t\t\t\t<\/span>\n\t\t\t\t\t<\/a>\n\t\t\t\t<\/div>\n\t\t\t\t\t\t\t\t<\/div>\n\t\t\t\t<\/div>\n\t\t\t\t\t<\/div>\n\t\t\t\t<\/div>\n\t\t\t\t<\/div>\n\t\t","protected":false},"excerpt":{"rendered":"<p>ADMINISTRA\u00c7\u00c3O &#8211; BACHARELADO 8 semestres\u00a0&#8211;\u00a04\u00a0anos \u00a0 SOBRE O CURSO O Bacharelado em Administra\u00e7\u00e3o da FSAQ prepara profissionais para atuar de forma estrat\u00e9gica, \u00e9tica e inovadora na gest\u00e3o de organiza\u00e7\u00f5es p\u00fablicas, privadas ou empreendimentos pr\u00f3prios. Durante a gradua\u00e7\u00e3o, o estudante desenvolve compet\u00eancias relacionadas ao planejamento, organiza\u00e7\u00e3o, lideran\u00e7a e controle de recursos, compreendendo os principais processos administrativos, [&hellip;]<\/p>\n","protected":false},"author":1,"featured_media":0,"parent":0,"menu_order":0,"comment_status":"closed","ping_status":"closed","template":"elementor_header_footer","meta":{"footnotes":""},"class_list":["post-480","page","type-page","status-publish","hentry"],"_links":{"self":[{"href":"https:\/\/fsaq.edu.br\/index.php?rest_route=\/wp\/v2\/pages\/480","targetHints":{"allow":["GET"]}}],"collection":[{"href":"https:\/\/fsaq.edu.br\/index.php?rest_route=\/wp\/v2\/pages"}],"about":[{"href":"https:\/\/fsaq.edu.br\/index.php?rest_route=\/wp\/v2\/types\/page"}],"author":[{"embeddable":true,"href":"https:\/\/fsaq.edu.br\/index.php?rest_route=\/wp\/v2\/users\/1"}],"replies":[{"embeddable":true,"href":"https:\/\/fsaq.edu.br\/index.php?rest_route=%2Fwp%2Fv2%2Fcomments&post=480"}],"version-history":[{"count":43,"href":"https:\/\/fsaq.edu.br\/index.php?rest_route=\/wp\/v2\/pages\/480\/revisions"}],"predecessor-version":[{"id":834,"href":"https:\/\/fsaq.edu.br\/index.php?rest_route=\/wp\/v2\/pages\/480\/revisions\/834"}],"wp:attachment":[{"href":"https:\/\/fsaq.edu.br\/index.php?rest_route=%2Fwp%2Fv2%2Fmedia&parent=480"}],"curies":[{"name":"wp","href":"https:\/\/api.w.org\/{rel}","templated":true}]}}